pose f = -4*f + 15. Calculate q(f).
2
Let r = -10 - -7. Let h = r + 5. Let n(t) = -t**2 + 4*t - 3. Calculate n(h).
1
Let k(t) = -34*t + 0*t**3 + t**3 + 4*t**2 + 18*t + 19*t. Calculate k(-3).
0
Let g(v) = -4*v - 15. Let m be g(-7). Suppose 15*j - m*j = 0. Let k(b) = -3*b**2 - 2 + 3*b**2 + b + b**2. What is k(j)?
-2
Let j = -21 - -26. Let g(d) = -2*d - 7. Calculate g(j).
-17
Let u(c) be the second derivative of c**3/6 + c**2/2 + c. Let o(w) be the first derivative of -w**4/4 - 5*w**3/3 + 3*w**2 - w - 3. Let p be o(-6). Give u(p).
0
Suppose 6*h = 2*h + 12. Let i(f) = -3*f**3 - 2*f + 4. Let z(p) = -7*p**3 + p**2 - 4*p + 8. Let r(m) = -9*i(m) + 4*z(m). Determine r(h).
11
Suppose 5*l - l = 0. Suppose 0 = 2*b - 4. Let m(d) = -2 + 3*d**2 + 3 - 4*d**b. Give m(l).
1
Let i(s) be the first derivative of -s**4/4 + 5*s**3/3 - s**2/2 + 30. Calculate i(5).
-5
Let k = 30 - 18. Let q = -6 + k. Let u(r) = 7*r + 3 + 6*r**3 - q*r - 4. What is u(1)?
6
Suppose 3*r = -3, 2*g + 2*g = -r - 13. Let x(q) = -q. Calculate x(g).
3
Suppose 2 + 1 = n. Suppose 4*c - 6 - 6 = 0. Let i(j) = c*j**2 + 2*j**3 - 3 + n + j. What is i(-2)?
-6
Suppose 0*o = 2*o - 16. Let x = 9 - o. Let w(l) = 8*l. What is w(x)?
8
Suppose -2*j = 2*j - 4, 0 = 2*s + 3*j - 3. Let k = -6 + s. Let r(y) be the third derivative of -y**4/24 - y**3/3 - 10*y**2. Determine r(k).
4
Let q(s) = -s**2 + s + 0*s**3 + 0*s**3 + 6*s**3 + 0*s**2 - 1. Let w(r) = r + 4. Let h be w(-3). Calculate q(h).
5
Let l(o) = -3*o**2 + 7*o - 1. Let r(g) = -2*g**2 + 4*g - 1. Let w = 1 + -3. Let z be (-16)/(-3) - w/(-6). Let s(j) = z*r(j) - 3*l(j). What is s(-2)?
-4
Let p(y) = -4*y**3 - 4*y + 4*y**2 - y**3 + 6*y**3. Let o(q) be the second derivative of q**3/3 + 9*q**2/2 - 5*q. Let h be o(-7). Give p(h).
-5
Let t(u) be the first derivative of -u**2/2 + 8*u + 8. Calculate t(8).
0
Let x be (-110)/(-12) - (-1)/(-6). Let v be (6/x)/((-2)/(-3)). Let b = v - 1. Let p(c) = c**2 + c - 2. Determine p(b).
-2
Suppose -a - 5 + 2 = 3*f, -5*a = -f - 33. Let x = a - 5. Let l(i) = 3*i - 1. Calculate l(x).
2
Let q be -2*(0 - (-1)/2). Let i(g) = g**2 - 9 + 0*g**2 - 3*g**3 + 17 - g - 9. Calculate i(q).
4
Let f(k) = 2*k**2 - 10*k + 19*k - 8*k - 1. Determine f(-2).
5
Let j(l) = 4*l + 5. Let f(z) be the second derivative of 7*z**2 + 3*z**3 + 2*z + 2*z - 15*z**2 - 5*z**3. Let y(d) = -3*f(d) - 10*j(d). What is y(2)?
-10
Let p(g) = g**3 + 6*g**2 + 5*g + 3. Let a(x) = 2*x**3 + 11*x**2 + 9*x + 6. Let z(r) = -6*a(r) + 11*p(r). What is z(0)?
-3
Let k(j) = -j + 11. Let x be (-9)/36 - (1 - 99/12). Determine k(x).
4
Let n(k) = -k - 1. Let f be (2 - 3)/(1 - 2). Let q be n(f). Let m(d) = 10*d + 2. Let b(j) = -9*j - 2. Let g(v) = -5*b(v) - 4*m(v). What is g(q)?
-8
Let l(u) = 1. Let m(y) = -11*y. Let s(h) = l(h) - m(h). What is s(-1)?
-10
Let l(o) = 3*o**2 + o - 6. Let y(a) = -2*a**2 + 5. Let k(z) = 3*l(z) + 4*y(z). Let q be 1392/(-336) + (-16)/(-14). Give k(q).
2
Let l = 244/3 + -79. Let k(i) be the first derivative of i + l*i**3 - 1 + 0*i**2. Give k(-1).
8
Let g = 3 - -3. Suppose -v + 4*t + 7 = -g, -t = v + 12. Let k = v + 11. Let o(s) = -s**3 + 4*s**2 + s + 2. Give o(k).
6
Let b = 15 - 11. Suppose 0 = -2*f - f - 4*t - 9, -12 = b*f + 2*t. Let w(o) = -4*o - 1. Calculate w(f).
11
Let r(w) be the first derivative of w**3/3 + w + 3. Suppose 11 = 5*z + 1. Determine r(z).
5
Suppose -k - 3*b + 2 = -7, 0 = 5*b - 15. Let w(j) = 0 + 0 - j + 4*j**2 + k*j. Calculate w(1).
3
Let d be (-6)/3 + (1 - 1). Let a be ((-4)/d)/(-4 + 3). Let p(h) be the second derivative of h**5/20 + h**4/4 - h**2/2 - h. What is p(a)?
3
Let z(x) = x**2 + 8*x - 7. Let c be 4/8*-1*18. Let n be z(c). Let u(i) = 4 + 3*i - i + i**n + 2*i. Give u(-3).
1
Let b(i) = -3*i + 11. Let m(w) = -w + 1. Let y(v) = -v - 7. Let a(o) = -3*m(o) + y(o). Let z(d) = -4*a(d) - 3*b(d). Determine z(-5).
2
Let r(s) = -s**3 + 5*s**2 - 7. Let w = -41 - -46. Calculate r(w).
-7
Let b(g) be the second derivative of g**5/20 + g**4/2 + 2*g**3/3 - 2*g**2 - 24*g. Give b(-5).
1
Let p = -11 - -14. Let u(q) = q**2 - 5*q + 4. What is u(p)?
-2
Let i be -9 + 11 - 0/2. Let m(j) = -3 + j**2 + 2 + 4*j + 2 + i*j. What is m(-5)?
-4
Let g(t) = 6*t - 20*t + 16*t. What is g(-2)?
-4
Let r(v) = -2*v**3 + 3*v**3 - 2*v**2 - 2*v**3. Suppose -2*c + g = 3*g - 2, -5*g = -10. Let m = -1 + c. Determine r(m).
0
Let d(t) = -4*t - 13. Let q(h) = -3*h - 11. Let w(f) = -2*d(f) + 3*q(f). What is w(0)?
-7
Suppose -8*n = -3*n. Let t(q) = -5*q**2 + 1 + 1 + 4*q**2. Determine t(n).
2
Let k(p) be the second derivative of -p**3/6 + 2*p**2 - 5*p. Give k(-5).
9
Suppose 5*n = a + 4, 0 = -a - a - 4*n - 8. Let y(w) = -3*w**2 - 6*w - 6. Determine y(a).
-30
Let x(w) be the first derivative of -w**5/20 - w**4/4 - 2*w - 4. Let i(k) be the first derivative of x(k). Calculate i(-3).
0
Let p(q) = 3*q**2 + q - 4. Let s be p(-2). Let h(g) = -2*g + 9. Give h(s).
-3
Let l(p) = p**3 + 3*p**2 - 4*p + 4. Let b be l(-4). Suppose -5 = 4*s - 5*w, 0*w = -2*s + b*w - 4. Let j(m) = -m - 3 + 7 + 1. Calculate j(s).
5
Let i(w) = w**3 - 2*w - 2. Let z be (6/7)/((-3)/21). Let k = 4 + z. Give i(k).
-6
Let u(v) be the second derivative of v**3/3 + v**2/2 - 2*v. Let q be (0 - 3/(-3))/(-1). Calculate u(q).
-1
Let t be 5 - (-4)/(-2) - 1. Let i(z) = -6*z - z**2 + 2*z**2 + 3 - 2*z**2 + t*z. Let j be (20/(-12))/((-1)/(-3)). Determine i(j).
-2
Let v be 2/(-2) - (3 + -6). Let d be (8/10)/(v/(-10)). Let i(y) = 9*y - 5*y**2 - 19*y - y**3 + 3 + 8*y. Determine i(d).
-5
Let n be 1 + 60/(-14) - (-12)/42. Let a(v) = -8*v. Determine a(n).
24
Let z(q) = -1. Let u(v) = -3*v. Let w(l) = -u(l) + z(l). Give w(1).
2
Let b(f) = -f - 14. Let a = -26 - -26. Determine b(a).
-14
Let g(w) be the second derivative of -1/2*w**3 + 0 + 3*w - 1/4*w**4 + 1/20*w**5 + 1/2*w**2. What is g(3)?
-8
Let p(a) = -a**2 + 4*a. Let d be p(3). Suppose s + 0 = 4. Suppose 4*c + 2*o + 2 = -o, d*o - 14 = s*c. Let k(m) = -m. What is k(c)?
2
Let b(u) = 19 + 2*u - 21 - 3*u + 0*u. Determine b(2).
-4
Let g be -2 + 0 + (6 - 1). Let t(h) = -2*h + 2. Give t(g).
-4
Let v(o) = o + 1. Suppose l = -3*f + 9, -f + 1 = -5*l - 2. Calculate v(f).
4
Let f(l) = -l**3 - 5*l**2 + 7*l + 4. Suppose 1 = -2*u - 11. Determine f(u).
-2
Let w be (-1 - 0)*(-9)/3. Let c(n) = -n - 4*n - 2 + w*n - n**2 + 3*n. What is c(-2)?
-8
Suppose -3*b = b. Suppose -4*x + 4 = 0, b*x + 9 = 4*m + x. Let z(k) = k + 7*k - 8*k + m*k**2. Calculate z(-1).
2
Let i(a) = a**2 - 2*a - 3. Let x be i(3). Let f(r) = -r**2 + 8*r - 5. Let k be f(7). Let n(p) = -5 + k*p + 2*p**2 + 2*p**2 - 5*p**2 - p. What is n(x)?
-5
Let y(b) be the second derivative of -b**5/60 - b**4/6 - b**3/2 + b**2 + 2*b. Let q(d) be the first derivative of y(d). What is q(-4)?
-3
Let k(x) = -x**2 - 3*x - 1. Let j(c) = 8*c - 2. Let u be j(2). Let g = u - 20. Let a be (g - -3)*(-4)/(-6). Calculate k(a).
1
Let y = -3 + 5. Let v(c) = -c**3 + 3*c**2 - 2*c + 1. Give v(y).
1
Let v(c) = c + 13. Let h be v(-9). Let d(q) be the third derivative of 0*q**3 + 1/24*q**h + 0*q + q**2 + 0. What is d(-1)?
-1
Suppose -5*u + 3*h + 15 = 0, 0 = 3*u - 3*h - 11 + 2. Let b(l) = -4*l + 4. What is b(u)?
-8
Let b(t) be the first derivative of -t**4/4 - 2*t**3 - 3*t**2 + 7*t + 3. Calculate b(-5).
12
Let s(c) = -2*c - 5*c + c - c. What is s(-1)?
7
Let m(z) be the first derivative of -6 + 3/2*z**2 - 4*z. Let r(y) = y + 1. Let l be r(3). What is m(l)?
8
Let y(q) = -3*q**3 - 9*q. Let f(v) be the first derivative of -v**4 + 3 - 1/3*v**3 - 5*v**2 - v. Let j(p) = -4*f(p) + 5*y(p). Calculate j(-5).
4
Let a(h) be the second derivative of -3*h - 1/2*h**3 + 0 + 0*h**2. Determine a(1).
-3
Let i(h) = h**3 + 5*h**2. Let s be i(-5). Let w(j) be the second derivative of j**3/6 + j**2 - j. Give w(s).
2
Let t(x) be the third derivative of x**5/60 + 5*x**4/24 - x**3/2 + 9*x**2. Calculate t(-4).
-7
Let n(v) = -5*v**2 + v - 3. Let q(i) = -i**2 + i. Let u(y) = -n(y) + 6*q(y). Suppose 18*x = 16*x + 12. Determine u(x).
-3
Let b(u) = 15*u**2 + 7*u - 19. Let a(k) = 7*k**2 + 3*k - 9. Let l(t) = 13*a(t) - 6*b(t). What is l(-2)?
7
Let f(w) = -w**3 + 3*w**2 + 4*w - 1. Let a(n) = n + 2. Let z be a(2). Suppose 0*c - z = -c. Calculate f(c).
-1
Let d(f) = f**2 - 4. Let p(s) = s**2 - 12*s + 8. Suppose -8*z + 55 = -3*z. Let v be p(z). Calculate d(v).
5
Let g(y) = 7*y**3. Suppose m = -4*o + 3*o - 2, -2*o = -5*m